h - 38. Let w be j(-8). Let z(u) be the second derivative of w*u + 0 + 1/2*u**2 + 1/6*u**3. Give z(-3).
-2
Let d = -9 + 14. Let q(c) be the third derivative of 0 + 1/4*c**4 + 0*c + 1/3*c**3 - 10*c**2 - 1/60*c**5. What is q(d)?
7
Let d(o) be the third derivative of o**5/60 + o**4/8 - o**3/3 - 4*o**2 + 104. Calculate d(-3).
-2
Let m(i) = 2*i - 6. Suppose 6*n + 6*n = 36. Let v = 5 - 4. Suppose v + 11 = n*o. What is m(o)?
2
Let w be (-3)/(-6)*1*-8. Let t(f) = 191*f - 193*f + 2 - 7. Give t(w).
3
Let a(y) = 3*y + 6*y + 9*y - 6*y. What is a(4)?
48
Let c be 0 + -2 + (-2 - -7). Let q(s) = 5*s - 3. Give q(c).
12
Let q(r) = -r**2 - 6*r - 1. Suppose -11 - 13 = 2*a. Let v be ((-16)/a)/(1/(-3)). What is q(v)?
7
Let l be 4*((-10)/4 + 3). Let c be l + 12/(1 - 4). Let r(m) = -2*m - 3. Calculate r(c).
1
Let f(b) be the first derivative of -2*b**2 - b + 32. Give f(-1).
3
Let k(i) = 5*i - 1. Let l(m) = -14*m + 2. Suppose 9*y = 8*y - 17. Let x(c) = y*k(c) - 6*l(c). Determine x(4).
1
Suppose -6 = -7*m + 5*m. Let x(y) = -y**2 + 2*y + 4. Let j be x(m). Let u(n) = -24*n + 14. Let f(k) = 8*k - 5. Let w(c) = -11*f(c) - 4*u(c). Determine w(j).
7
Let d(h) = h**2 - 41*h - 41. Let a be d(42). Let p(y) = 17*y + 1. Determine p(a).
18
Let m(g) = -3*g - 3*g + 4*g + 5 - 6. Calculate m(5).
-11
Suppose 3*s + k - 3 = -s, k + 1 = -2*s. Let b(u) = 7*u - 9*u - s*u - 2. What is b(-2)?
6
Let n(x) be the third derivative of -x**8/20160 - x**7/840 + x**6/180 - 19*x**5/60 + 24*x**2. Let s(j) be the third derivative of n(j). Calculate s(-7).
-3
Let f(r) = 4*r. Let h(n) = 4*n. Let a be h(-1). Let v be ((-12)/a - -4)*1. Let z(s) = -s**3 + 8*s**2 - 6*s - 6. Let l be z(v). Give f(l).
4
Let h(b) = 7*b + 4*b - 12*b + 27*b**2. What is h(1)?
26
Suppose 2*h + 38 = h. Let i = -36 - h. Let d(b) = b**3 + 4*b - 3. Let t(p) = p**3 + p**2 + 4*p - 3. Let f(x) = 4*d(x) - 3*t(x). Give f(i).
1
Let z be (22/(-4))/((-4)/(-8)). Let k(u) = -3*u + 2. Let o(i) = 16*i - 11. Let w(n) = z*k(n) - 2*o(n). Let c(h) = -1. Let l(t) = -c(t) + w(t). What is l(6)?
7
Let o = 44 - 41. Let b(y) = -9*y**2 + 13*y + 15. Let f(a) = -5*a**2 + 7*a + 8. Let x(p) = 4*b(p) - 7*f(p). Determine x(o).
4
Let x(g) be the third derivative of -11*g**2 + 0*g + 0 - 1/60*g**5 - 5/6*g**3 - 7/24*g**4. What is x(-5)?
5
Let u(x) = -2*x + 1. Suppose -4*l = 5*n - 24, -2*l = -n - n + 6. Give u(l).
-1
Let r(t) = -t**3 + 7*t**2 + t - 7. Let x = 3 + 23. Let b = -19 + x. Determine r(b).
0
Let k(z) be the third derivative of z**6/30 + z**4/24 + z**2. Let y = -10681 + 10682. Determine k(y).
5
Let l(p) = 5*p**2 - 1. Let v be (-1)/(3 - (-66)/(-21)). Let f = v + -8. Determine l(f).
4
Let o(c) = 0*c**3 + 6 + 37*c + 7*c**2 - c**3 - 44*c + 0*c**3. Calculate o(4).
26
Let k(a) = 72*a + 63*a + 21 - 136*a. Give k(13).
8
Let g(b) be the second derivative of b**3/6 - 6*b**2 - 15*b. Calculate g(6).
-6
Let v be (-4)/8*(-19 - (-63)/9). Let t(g) be the second derivative of 2/3*g**3 + v*g + 0 + 1/12*g**4 + 3/2*g**2. What is t(-5)?
8
Let g(y) = y**3 + 6*y**2 - 6*y + 14. Let c be g(-7). Let n(r) = -r - 1. Let p be n(-4). Let v(o) = -c*o + 3 - o**p + 3 - 7*o**2 - 4. Give v(-6).
8
Let b(l) be the second derivative of -l**5/20 - l**4 - 11*l**3/6 + 9*l**2/2 + 8*l - 1. Give b(-11).
9
Let k(n) = 12*n**2 + n + n - 20*n**2 - 3*n + 7*n**2. Determine k(5).
-30
Suppose 0 = 5*x + 1 - 16. Let m(z) be the third derivative of -z**7/5040 + z**6/240 + z**5/60 - z**2. Let g(o) be the third derivative of m(o). What is g(x)?
0
Let m(n) = n**3 - 5*n**2 + 3*n - 1. Suppose 0 = 4*x + 32*d - 35*d - 6, -3*x - 2*d + 13 = 0. Calculate m(x).
-10
Let u(d) = d**2 - d - 8. Suppose 8*c = 22*c - 392. Let i = -28 + c. Calculate u(i).
-8
Let g(c) = -6*c - 40. Let k be g(-9). Let y(b) = -b**2 + 17*b - 47. Calculate y(k).
-5
Let t(b) = b**2 + 7*b + 3. Suppose 6*s = 2*s - q + 44, 5*q = -5*s + 55. Suppose 3*f + 32 = s. What is t(f)?
3
Suppose 3*x - 5*x + 4 = 0. Let j(l) = -42*l**2 - 5 + 90*l**x - 6*l - 50*l**2. Give j(-4).
-13
Let y = -11 + 16. Suppose -7 - 23 = -y*f. Suppose 4*w - f = 2*w. Let p(g) = -3*g + 4. Determine p(w).
-5
Let a = -50 + 53. Let j(k) = k**3 - 6*k**2 - 3*k. Let w(g) = g**2. Let h(o) = j(o) + 4*w(o). Give h(a).
0
Let m = -15 - -63. Let q be 5*(m/(-10) - -4). Let o(p) = -p**2 - 3*p + 1. Calculate o(q).
-3
Suppose 3 = -3*b - 12. Let d(g) = g + 7. Let n be d(b). Suppose 0 = 5*l - n*l. Let m(p) = -p**3 - p**2 - 3. Give m(l).
-3
Suppose -4*n + 16 = -4*b, 2 = b + n - 0*n. Let p(r) = 22*r + 2. Let f(v) = -23*v - 1. Let c(i) = -f(i) - p(i). Determine c(b).
-2
Let t(i) = -7*i + 11 - 4*i + 2085*i**2 - 2094*i**2. Let x = 43 + -65. Let y(p) = p**2 + p - 1. Let a(u) = x*y(u) - 2*t(u). Calculate a(1).
-4
Let q(s) = 57*s + 1. Let j be q(2). Let w be -1 - 17/(-5) - (-69)/j. Let d(i) = i**3 - 4*i**2 + 5*i - 3. What is d(w)?
3
Suppose 4*r = 8 + 16. Let g(u) = u**2 - 2*u + 5. Suppose 3*f - 3 = -5*p - 11, 1 = -2*f + p. Let h(x) = -x + 1. Let n(y) = f*g(y) - 2*h(y). Determine n(r).
-19
Let l(f) be the second derivative of f**5/20 + 5*f**4/12 - f**3/3 - 2*f**2 + 29*f + 2. Determine l(-5).
6
Let p be 135/12 + (-2)/8. Let h = -8 + p. Suppose -h*u = 2*u + 20. Let g(i) = -i**2 - 4*i - 1. Calculate g(u).
-1
Let i(d) be the second derivative of 0 + d**2 + d - 2/3*d**3 + 1/20*d**5 + 1/3*d**4. What is i(-5)?
-3
Let v(y) = 2*y + 0 - 14*y**3 + 5 + 15*y**3 - 5*y**2. Let b = -1 - -1. Suppose b = -4*t + 9 + 7. Determine v(t).
-3
Let t = -170 + 178. Let l(k) = 6 - 3*k**2 + 11*k**2 + t*k - 7*k**2. What is l(-6)?
-6
Let w(h) = 234*h**2 + 0*h**3 - 230*h**2 - 3 - 1 + h**3. Give w(-2).
4
Let l(n) = -n - 6. Let c(v) = v + 3. Let a be c(9). Let x(y) = y**3 - 12*y**2 - 7. Let w be x(a). Calculate l(w).
1
Let n be (54/45)/(2/(-10)). Let a(p) = -p**3 - 11*p**2 + 13*p + 14. Let d be a(-12). Let c(t) = 6*t - d*t - 5 + t**2 + 2*t. What is c(n)?
-5
Let k(g) be the third derivative of 38*g**2 + 7/6*g**3 + 0*g + 1/60*g**5 + 7/24*g**4 + 0. What is k(-7)?
7
Let y = -3 + 7. Suppose 0*o = -y*o. Suppose 2*f = -o + 4. Let c(n) = -n**2 + n. Determine c(f).
-2
Let w = 7 - 4. Let z(x) = w*x - 2*x - 1 + 3 - 2*x. What is z(-2)?
4
Let h = -495 - -508. Let a(t) = -1 + 11 + t**2 + 3 - 14*t. Calculate a(h).
0
Let m(l) be the first derivative of -l**3/3 - 5*l**2/2 - 6*l + 137. Let o = 7 + -11. Calculate m(o).
-2
Let c(z) = 261 - 279 - 4*z + 2*z. Determine c(-10).
2
Suppose 0 = -43*t + 12*t - 62. Let w(y) = 3 - 2*y**2 - 4*y - 5 + 4*y**3 - 2*y**3. Calculate w(t).
-18
Let l(a) be the second derivative of a**6/720 - a**5/40 + 3*a**4/4 - 25*a. Let p(u) be the third derivative of l(u). Give p(7).
4
Let v(f) = 736 - 6*f + f + f**3 - 743 - 5*f**2. Let m(z) = -z**3 - 3*z**2 - 2*z. Suppose 3*j + 15 = -2*j. Let l be m(j). Determine v(l).
-1
Suppose -132*c + 139*c = -7. Let z(k) = -9*k + 1. Determine z(c).
10
Let w(v) = -5*v - 7*v - v**2 + 15*v - 5*v. Suppose 0 = -2*p + 1 - 3. What is w(p)?
1
Let y(q) = -2*q**3 + 17*q**2 + 6*q - 12. Let g(p) = -3*p**3 + 32*p**2 + 13*p - 23. Let b(i) = -3*g(i) + 5*y(i). Calculate b(-10).
-1
Let r(w) = -w**2 - w + 1. Let u(o) be the first derivative of 4*o**3/3 + 2*o**2 - 4*o + 13. Let q(m) = -3*r(m) - u(m). Let d be (2 + 0)*6/(-4). Determine q(d).
-5
Let x(n) be the second derivative of -5/2*n**2 + 0 - 6*n - 1/6*n**3. Suppose 0*l - 4 = -k - l, -3*l + 22 = 5*k. Calculate x(k).
-10
Let x(b) = 7*b + 3*b**2 + 5*b**2 + 3 - 5*b**2. Determine x(-2).
1
Suppose 94*i = 93*i. Let d(y) = y - 2. Determine d(i).
-2
Let m(c) = 3*c**2 + 2*c**2 - 8*c - c - 6*c**2. Calculate m(-8).
8
Let n(t) = 15*t**2 + 13*t + 15. Let r(w) = 4*w + 2 + 5 + 2*w + 7*w**2. Suppose -351 = -40*h + 13*h. Let m(i) = h*r(i) - 6*n(i). Give m(-2).
5
Let p(f) = -f**2 + 15*f - 16. Let a(x) = -28*x - 518. Let t be a(-19). Determine p(t).
-2
Let h(g) = 7*g**3 - 11*g**2 + 6*g - 14. Let j(c) = 5*c**3 - 10*c**2 + 4*c - 13. Let r(i) = 3*h(i) - 4*j(i). Determine r(-7).
-4
Let k(j) = -j**3 - 7*j**2 - 10*j - 8. Suppose -115*c + 30 = -120*c. What is k(c)?
16
Let s(p) be the third derivative of -p**7/1260 - 11*p**5/60 + 17*p**2. Let z(f) be the third derivative of s(f). What is z(-2)?
8
Let r(p) = p + 8. Suppose 0 = -9*h + 5*h - 3*n - 40, -h = -2*n - 1. Let t be r(h). Let m(o) = 14*o**3 + 1. Calculate m(t).
15
Let w(x) = -270 + 6*x**2 - 7*x**2 - 4*x + 269. Calculate w(-4).
-1
Let k(j) = 24*j + 5